14
-109
Convert -20 (base 4) to base 3.
-22
31 (base 9) to base 2
11100
-1 (base 8) to base 13
-1
Convert 11 (base 6) to base 16.
7
What is 0 (base 8) in base 2?
0
What is -2003 (base 4) in base 5?
-1011
Convert 2 (base 11) to base 5.
2
-9 (base 11) to base 16
-9
Convert 5 (base 9) to base 3.
12
-1010 (base 2) to base 6
-14
What is 213 (base 5) in base 15?
3d
1011111 (base 2) to base 3
10112
Convert -32 (base 5) to base 12.
-15
102 (base 4) to base 9
20
Convert -4 (base 11) to base 7.
-4
Convert 20 (base 4) to base 5.
13
10 (base 4) to base 9
4
3 (base 11) to base 14
3
1 (base 14) to base 12
1
2 (base 5) to base 11
2
Convert 11 (base 16) to base 10.
17
Convert 0 (base 3) to base 11.
0
Convert 0 (base 9) to base 15.
0
-26 (base 8) to base 3
-211
What is 12 (base 7) in base 11?
9
Convert 0 (base 10) to base 6.
0
What is -5 (base 16) in base 15?
-5
Convert 3 (base 15) to base 16.
3
30 (base 6) to base 5
33
Convert -2 (base 9) to base 10.
-2
What is 125 (base 12) in base 4?
2231
Convert -2 (base 12) to base 16.
-2
What is -16 (base 12) in base 11?
-17
What is 0 (base 5) in base 3?
0
2 (base 4) to base 10
2
0 (base 12) to base 15
0
What is b (base 16) in base 3?
102
What is 2 (base 9) in base 3?
2
What is -26 (base 13) in base 2?
-100000
What is -10 (base 11) in base 2?
-1011
Convert 313 (base 4) to base 5.
210
Convert 82 (base 10) to base 15.
57
What is -2 (base 8) in base 4?
-2
-1 (base 15) to base 14
-1
Convert 11 (base 2) to base 7.
3
-161 (base 8) to base 11
-a3
What is 62 (base 9) in base 3?
2002
What is 1 (base 5) in base 10?
1
Convert -2 (base 16) to base 11.
-2
2 (base 10) to base 9
2
20 (base 15) to base 8
36
Convert 300 (base 4) to base 8.
60
-1120 (base 4) to base 12
-74
Convert -2 (base 15) to base 3.
-2
What is 4 (base 13) in base 6?
4
What is -2a (base 13) in base 2?
-100100
-b (base 15) to base 3
-102
Convert -26 (base 8) to base 11.
-20
-2020 (base 4) to base 15
-91
Convert -3 (base 4) to base 10.
-3
-5 (base 10) to base 5
-10
Convert -2 (base 15) to base 10.
-2
1 (base 12) to base 6
1
What is -1 (base 6) in base 10?
-1
What is 212 (base 5) in base 10?
57
Convert -8 (base 10) to base 7.
-11
0 (base 7) to base 9
0
Convert 7 (base 11) to base 5.
12
Convert a (base 14) to base 5.
20
What is -101 (base 3) in base 16?
-a
Convert -188 (base 15) to base 11.
-2a1
Convert -36 (base 10) to base 8.
-44
102 (base 4) to base 10
18
What is -2 (base 12) in base 11?
-2
21 (base 5) to base 8
13
12 (base 3) to base 14
5
Convert -16 (base 7) to base 8.
-15
25 (base 8) to base 14
17
11 (base 7) to base 4
20
What is 1 (base 10) in base 12?
1
What is -11 (base 8) in base 16?
-9
Convert 75 (base 11) to base 4.
1102
6 (base 12) to base 7
6
What is -3 (base 10) in base 7?
-3
Convert 2 (base 6) to base 10.
2
What is 6 (base 14) in base 8?
6
What is -10 (base 3) in base 16?
-3
What is -9 (base 12) in base 8?
-11
Convert 9 (base 11) to base 6.
13
What is -232 (base 12) in base 14?
-194
Convert 5 (base 13) to base 6.
5
-15 (base 9) to base 14
-10
What is 1 (base 3) in base 14?
1
Convert 1 (base 5) to base 3.
1
Convert 42 (base 5) to base 13.
19
Convert 0 (base 11) to base 7.
0
2 (base 3) to base 7
2
Convert -20 (base 5) to base 15.
-a
-2 (base 16) to base 7
-2
What is 443 (base 5) in base 6?
323
What is 0 (base 12) in base 10?
0
Convert -31 (base 7) to base 10.
-22
Convert -11011 (base 2) to base 3.
-1000
Convert a7 (base 13) to base 11.
115
-1 (base 10) to base 12
-1
Convert 2 (base 16) to base 6.
2
Convert -52 (base 9) to base 14.
-35
What is 3 (base 6) in base 5?
3
-2 (base 5) to base 14
-2
6 (base 13) to base 16
6
27 (base 10) to base 9
30
Convert -5 (base 13) to base 7.
-5
10 (base 4) to base 3
11
What is 22 (base 8) in base 3?
200
What is 12 (base 5) in base 9?
7
What is 3 (base 6) in base 3?
10
Convert -2 (base 4) to base 10.
-2
What is -2 (base 5) in base 4?
-2
0 (base 12) to base 9
0
Convert 0 (base 2) to base 13.
0
Convert -334 (base 6) to base 5.
-1010
10 (base 7) to base 10
7
Convert -18 (base 12) to base 2.
-10100
1 (base 9) to base 15
1
What is 1 (base 13) in base 12?
1
What is 16 (base 10) in base 11?
15
What is -12 (base 14) in base 12?
-14
-212 (base 7) to base 11
-98
What is 100 (base 2) in base 14?
4
What is -24 (base 6) in base 12?
-14
-28 (base 12) to base 3
-1012
What is 7 (base 11) in base 7?
10
-15 (base 8) to base 6
-21
What is -1 (base 10) in base 4?
-1
What is -1131 (base 5) in base 2?
-10100110
Convert 222 (base 3) to base 11.
24
What is 11 (base 10) in base 9?
12
-3 (base 14) to base 12
-3
What is 10 (base 4) in base 8?
4
-101 (base 4) to base 3
-122
10 (base 5) to base 14
5
11 (base 7) to base 10
8
15 (base 6) to base 2
1011
18 (base 11) to base 15
14
What is 0 (base 9) in base 3?
0
What is 0 (base 10) in base 11?
0
-3 (base 8) to base 6
-3
Convert 23 (base 13) to base 14.
21
What is 12 (base 13) in base 2?
1111
4 (base 9) to base 16
4
-3 (base 15) to base 16
-3
What is 140 (base 6) in base 7?
114
-10 (base 2) to base 11
-2
What is -45 (base 9) in base 16?
-29
Convert 13 (base 16) to base 5.
34
What is 8 (base 13) in base 12?
8
Convert -14 (base 9) to base 5.
-23
What is 3a (base 13) in base 16?
31
What is -10 (base 11) in base 4?
-23
-5 (base 11) to base 10
-5
What is -2 (base 5) in base 6?
-2
Convert -5 (base 12) to base 9.
-5
1 (base 10) to base 14
1
Convert -11 (base 4) to base 5.
-10
-243 (base 6) to base 5
-344
-4 (base 12) to base 9
-4
Convert 111 (base 3) to base 7.
16
1 (base 15) to base 12
1
What is 222 (base 4) in base 8?
52
-1 (base 13) to base 9
-1
119 (base 10) to base 14
87
102 (base 7) to base 14
39
What is 1 (base 11) in base 15?
1
What is 2 (base 11) in base 7?
2
What is -3 (base 4) in base 16?
-3
Convert 12 (base 15) to base 5.
32
What is 2 (base 7) in base 9?
2
Convert -102 (base 8) to base 2.
-1000010
Convert -8 (base 15) to base 5.
-13
What is -8 (base 15) in base 6?
-12
What is -4 (base 9) in base 12?
-4
-1111 (base 4) to base 10
-85
Convert 121 (base 4) to base 15.
1a
Convert 2 (base 13) to base 3.
2
What is -3 (base 10) in base 5?
-3
What is 46 (base 16) in base 5?
240
Convert 2 (base 14) to base 7.
2
Convert -100 (base 7) to base 10.
-49
Convert -11 (base 5) to base 4.
-12
-5 (base 16) to base 13
-5
Convert -10 (base 10) to base 8.
-12
1222 (base 6) to base 12
212
What is -d (base 14) in base 11?
-12
10 (base 3) to base 13
3
-2 (base 9) to base 10
-2
125 (base 6) to base 13
41
What is -6 (base 15) in base 3?
-20
3d (base 16) to base 2
111101
11 (base 14) to base 15
10
-4 (base 5) to base 11
-4
-233 (base 4) to base 12
-3b
10 (base 12) to base 14
c
What is 6 (base 14) in base 8?
6
4 (base 6) to base 11
4
12 (base 7) to base 8
11
What is -42 (base 11) in base 6?
-114
-111 (base 4) to base 2
-10101
What is 3 (base 7) in base 9?
3
a (base 12) to base 16
a
What is 1 (base 13) in base 16?
1
Convert 1 (base 3) to base 2.
1
3 (base 11) to base 15
3
-1 (base 4) to base 2
-1
Convert 1d (base 14) to base 3.
1000
What is 79 (base 16) in base 13?
94
-1be (base 15) to base 13
-251
Convert 3 (base 5) to base 2.
11
1110 (base 2) to base 5
24
Convert 33 (base 4) to base 11.
14
What is -3 (base 9) in base 16?
-3
What is -34 (base 12) in base 4?
-220
-bb (base 16) to base 9
-227
-2 (base 5) to base 9
-2
-1 (base 15) to base 7
-1
What is 5a (base 13) in base 15?
50
Convert 6d (base 14) to base 15.
67
What is 1 (base 11) in base 4?
1
Convert -20 (base 5) to base 10.
-10
356 (base 10) to base 7
1016
21 (base 16) to base 5
113
What is 1 (base 8) in base 13?
1
Convert 242 (base 5) to base 3.
2200
-56 (base 16) to base 2
-1010110
What is -23 (base 5) in base 13?
-10
11120 (base 3) to base 13
96
What is 2 (base 15) in base 9?
2
Convert 14 (base 7) to base 9.
12
What is 12 (base 11) in base 15?
d
-304 (base 7) to base 11
-128
-283 (base 11) to base 13
-1c8
7 (base 11) to base 6
11
32 (base 4) to base 9
15
What is -187 (base 14) in base 2?
-100111011
Convert -21 (base 4) to base 3.
-100
Convert 4 (base 13) to base 9.
4
Convert -c (base 14) to base 15.
-c
Convert 22b (base 12) to base 8.
503
What is -8 (base 12) in base 10?
-8
-5 (base 9) to base 8
-5
21 (base 7) to base 3
120
What is 0 (base 11) in base 8?
0
What is 1 (base 13) in base 9?
1
c (base 13) to base 2
1100
-10 (base 5) to base 15
-5
What is -26 (base 15) in base 14?
